visor of 33 and x.
11
Let q be (16/10)/(6/15). Let w(c) = 6*c - 3*c + 0*c - 2 + 3*c. Let s be w(q). Calculate the greatest common factor of 55 and s.
11
Suppose -3*d + 27 = -f + 1, 6 = -3*f. Let q(i) = -7 + d*i + 9*i**2 + 7 + i**3. Let k be q(-6). What is the highest common divisor of k and 12?
12
Suppose -8*b + 270 = -5*b. What is the highest common divisor of b and 15?
15
Let n(s) = 3 - 1 - s**2 + 0*s - 3*s - s**3 - 3*s**2. Let o = -7 + 4. Let b be n(o). Calculate the highest common factor of 1 and b.
1
Let f(s) = s**2 + 4*s + 5. Let z be f(-4). Let k = 753 - 513. Let t be k/36*3/2. Calculate the highest common factor of z and t.
5
Suppose 6*g = 2*g - 4*b + 12, -g - 3*b = -3. Suppose -14 = -2*z - 0. Suppose z = g*t + 1. Calculate the greatest common divisor of t and 14.
2
Suppose n + 23 = 5*p - 1, -4*n = -4*p + 16. Suppose f - p*f = -52. What is the highest common factor of 13 and f?
13
Let j = 27 + -16. What is the greatest common factor of j and 33?
11
Let i be ((-8)/(-7))/((-8)/(-28)). What is the greatest common divisor of 8 and i?
4
Suppose 0 = -s + 58 - 9. Suppose s = 4*z - 3. What is the highest common divisor of 65 and z?
13
Let v(b) = -9*b - 5. Let z = 8 + -10. Let j be v(z). Let a be -27*(16/(-3) + 1). What is the highest common factor of a and j?
13
Let u be 0 + 37 + -5 + 13 + -5. What is the highest common factor of u and 8?
8
Let y be (-3)/(-2) - (-1)/2. Suppose 0 = 3*r + y*r - 295. Let a = r + -17. What is the greatest common factor of a and 105?
21
Suppose 5*q + 3 + 27 = 0. Let v be q/15*(-15 - 0). Calculate the greatest common factor of v and 15.
3
Suppose 5*j - 2*s - 77 = s, 5*s = -20. Suppose -172 + 16 = -4*p. Calculate the greatest common factor of j and p.
13
Let g = 2 + 11. Let b = 130 + -65. What is the highest common divisor of g and b?
13
Let a(x) = -12*x - 6. Suppose -38 = 4*r - 0*p + p, 16 = -2*r - 2*p. Let k be (-2 + 4)*r/4. Let v be a(k). What is the highest common divisor of v and 6?
6
Let s(j) = 2*j - 3. Let r be s(4). Let n be (-10)/4*(-8)/r. Let a = -3 + n. What is the greatest common factor of a and 1?
1
Let n be 16/((4/(-2))/(-1)). Suppose -t + 12 = 2*u, 24 = 5*u + t + 3*t. What is the highest common factor of n and u?
8
Let x(j) = 5*j**2 + 3 + 9*j - 1 - 8*j. Let o be x(2). Calculate the highest common factor of o and 36.
12
Suppose 0*i = 10*i - 100. Calculate the highest common factor of i and 65.
5
Let z be (11/(-2))/((-3)/(-6)). Let c = 0 - z. What is the greatest common divisor of c and 22?
11
Let r = 53 - -31. What is the greatest common factor of r and 28?
28
Suppose -6*n + 2*n + 44 = 0. What is the highest common factor of n and 11?
11
Let x = 0 + 6. Let r(i) = 2 + 2 - 16*i - 2. Let a be r(-4). Calculate the highest common divisor of a and x.
6
Let a(i) = -i. Let n(o) = -o**3 - 9*o**2 - 6*o - 2. Let j(d) = -3*a(d) - n(d). Let k be j(-6). Calculate the highest common divisor of k and 8.
8
Suppose 0 = l - 3, -18 + 375 = y + 5*l. Calculate the highest common divisor of 38 and y.
38
Suppose 0 = -t + 7 + 17. Calculate the greatest common factor of 264 and t.
24
Let s = -15 + 19. Calculate the greatest common divisor of 20 and s.
4
Suppose k + 4*k - 5*w - 15 = 0, -4*w + 20 = 0. What is the greatest common factor of 4 and k?
4
Let f(a) = -9*a**3 - 2*a**2 + 1. Let n = -6 - -5. Let h be f(n). Calculate the highest common divisor of 20 and h.
4
Let u(h) = -h**2 - 3*h + 1. Let g be u(-2). Suppose -g*o = -5*l + 37 + 3, 8 = l - 3*o. Calculate the greatest common divisor of 8 and l.
8
Let s be 49 + -1 + (0 - 0). Suppose -s = -5*v + 62. Suppose -2*t + 3*t = 2. Calculate the greatest common factor of v and t.
2
Let b = 52 + -8. Calculate the highest common divisor of 132 and b.
44
Let w be 1 + -6 + 3/1. Let i be (-74)/(-8) + w/8. Let q(d) = 9*d. Let y be q(3). What is the highest common factor of y and i?
9
Suppose -2*s = 3*s. Let m be 64 + (s/4 - 1). What is the greatest common divisor of 21 and m?
21
Let l(f) = 2*f**3 - 4*f**2 - f + 3. Let b be l(3). Suppose v = 6*v - 60. What is the greatest common divisor of v and b?
6
Suppose -7*d + 2*d = -3*a - 235, 25 = -5*a. Calculate the greatest common factor of d and 352.
44
Let y = -11 - -13. Suppose -8 = -2*s - y, -4*l + 3*s + 135 = 0. Calculate the greatest common factor of l and 9.
9
Let g = -3 + 24. Let i be (4 - (-5 + 2))/1. What is the highest common factor of i and g?
7
Suppose -7*w = 3*w - 90. Calculate the highest common divisor of w and 18.
9
Let h(s) = 6*s**3 - s**2 - 2*s + 2. Let m be h(2). Let z be (m/15)/(2/20). Suppose -3*a + 16 = 4. Calculate the greatest common divisor of z and a.
4
Let t(g) = -12*g**2 - 6*g + 7. Let s be t(-6). Let y = -158 - s. Calculate the greatest common factor of y and 21.
21
Suppose 7 = 2*t + 1. Suppose -36 = -0*w - t*w. What is the highest common factor of w and 96?
12
Let z = -3 - -8. Suppose -4*x + 0*x + 2*j = -42, -33 = -4*x + z*j. What is the highest common factor of x and 12?
12
Let w = -5 + 8. Let l be (1/(3/w))/1. What is the greatest common factor of 11 and l?
1
Suppose l = -4*l + 70. What is the greatest common factor of 35 and l?
7
Let f be (-245)/(-21) + 2/6. Let v = f - -3. Calculate the greatest common divisor of 15 and v.
15
Let g(k) = 2*k**2 + k + 0*k**2 - 4 + 10 - 1. Let l be g(5). Calculate the highest common factor of 20 and l.
20
Suppose 2*g - 3*r = 26, -4*r = -11*g + 6*g + 72. Suppose 0*y = 4*o + 5*y - 18, 0 = -o + 5*y - 8. Calculate the greatest common factor of g and o.
2
Suppose -4*k = 10 - 82. Let b = 30 + -44. Let x be ((-72)/(-14))/((-2)/b). What is the highest common factor of x and k?
18
Let y = 79 + -31. Let j(b) = 13*b - 1. Let t be j(1). Calculate the greatest common factor of y and t.
12
Let t be 1144/(-78)*6/(-8). What is the greatest common divisor of 44 and t?
11
Let p(v) = -v**3 - 10*v**2 + 11*v + 1. Let k be p(-11). Calculate the greatest common factor of 2 and k.
1
Let n = -201 - -327. What is the highest common divisor of 84 and n?
42
Suppose 0*f = 5*f - 10. Let k(y) = 0 + 3 + 2*y**f + 2*y - 1 - y**2. Let t be k(3). Calculate the greatest common factor of t and 68.
17
Let y be (36/7)/3*14. Let s be (y/(-10))/((-4)/10). Suppose 5*n - 20 = 5*p, -3*n = p - 27 + 11. Calculate the greatest common factor of p and s.
1
Let l = 66 + -32. What is the greatest common divisor of 51 and l?
17
Suppose -4 + 16 = 2*t. Let m = 36 - t. Let n = 23 + -3. Calculate the greatest common divisor of n and m.
10
Let y(b) = 16*b - 8. Let x be y(8). Suppose 2*k = -3*k + x. What is the highest common divisor of 8 and k?
8
Let y(u) = u**2 - 4*u - 3. Let c be y(5). Suppose c*s + 40 = 6*s. What is the highest common divisor of 4 and s?
2
Let n = 185 - 77. What is the highest common divisor of n and 12?
12
Suppose 0 = 4*o + 4*u - 30 - 54, 0 = -3*o + 2*u + 58. Suppose -484 = -3*m - 4*l, 0*m - 5*m = -5*l - 795. Calculate the greatest common divisor of o and m.
20
Let w be -5*(-4)/(12/9). Suppose 4 = -2*c + 16. What is the highest common factor of w and c?
3
Let l(p) = 8*p - 1. Let d(k) = -k. Let j(i) = -6*d(i) - l(i). Let m be j(-3). Calculate the highest common factor of m and 56.
7
Suppose 4*n - 304 = -5*x, x + 5*n = -x + 125. What is the highest common divisor of x and 10?
10
Suppose -2*u - 3*v + 2 = 8, -3 = 3*u + 3*v. What is the highest common divisor of 3 and u?
3
Let m(n) = n**2 + 6*n + 9. Let y be m(-8). Let t = y + -18. Calculate the highest common divisor of t and 56.
7
Let a = 1 + 7. Calculate the greatest common divisor of a and 8.
8
Suppose -2*a - 30 = -4*a. Suppose -f = -4*f - 5*o + 300, 3*f - 3*o = 324. Calculate the greatest common divisor of a and f.
15
Let r be (-40)/6*12/(-8). Calculate the greatest common divisor of r and 70.
10
Let k(q) = 6*q**2 - 2*q - 2. Let d be k(2). Calculate the greatest common divisor of 18 and d.
18
Suppose 21 = i + z + 3*z, -54 = -2*i - 2*z. Calculate the highest common divisor of 145 and i.
29
Let x be 1/((-98)/100 - -1). What is the highest common divisor of 75 and x?
25
Let u = 26 + -2. Suppose l = 4*l + 4*w - u, 4*l + 5*w = 31. Let k(c) = 9*c. Let b be k(l). What is the highest common divisor of b and 9?
9
Suppose 2*h = w + 51 + 31, -h + w = -42. Calculate the greatest common factor of h and 30.
10
Let n(w) = -9*w**3 - 4*w**2 - 1. Let c be n(-2). Suppose 0 = -0*q + q + 2